mainder when o is divided by 3.
2
Suppose 0 = 6*m - 8*m + 34. What is the remainder when m is divided by 5?
2
Suppose w - 6 = -w. What is the remainder when 5 is divided by w*(-2 - (-8)/3)?
1
Let n(m) = 62*m - 1. Let o be n(4). What is the remainder when (-4)/10 - o/(-5) is divided by 17?
15
Let s(t) = -t - 4. Let c be s(-7). Suppose 2*v = -3*q + 29, -3*v - v = c*q - 61. What is the remainder when v is divided by 6?
4
Let x = -6 - -12. Let y(o) = 11*o - 2. Let h be y(x). Let n = h + -36. What is the remainder when n is divided by 15?
13
Suppose 5*i = 4*i + 8. What is the remainder when 28 is divided by i?
4
Suppose 0 = 3*m + 4*d - 7, 5*m - 2*d + 7*d = 5. Let n be (-14)/m*(-6)/(-4). What is the remainder when 11 is divided by (n/4)/((-1)/(-4))?
4
Suppose -3*o = -2*y + 12, 12 = -5*o + 2*o - y. Let b(r) = r**3 + 4*r**2 - r + 4. Let n = 11 - 6. What is the remainder when b(o) is divided by n?
3
Let s(z) = z**2 + 26*z + 62. Calculate the remainder when s(-27) is divided by 25.
14
Suppose -5*d + 52 = 3*c, 0 = -5*c - 0*c - 3*d + 60. Let k(v) = -4*v - 15. What is the remainder when k(-10) is divided by c?
7
Suppose r + 160 = 6*r. What is the remainder when 2 - (-3 - r*2) is divided by 18?
15
Suppose -w = 3*w + 8, y + 4*w = -3. What is the remainder when 8 is divided by y?
3
Suppose 15 = -5*f + 60. Let l = -67 - -33. Let r = l + 60. Calculate the remainder when r is divided by f.
8
Let c be -6*(3/(-9) + 0). Let j be 6/(c*1/1). Calculate the remainder when 2 + (-9)/(j/(-3)) is divided by 3.
2
Suppose -2 = -0*k + k. Let z = k - -16. Let d(j) = 4*j**2 + 4*j + 3. What is the remainder when d(-3) is divided by z?
13
Suppose 4*t = -4*x + 152, -4*t + x + 88 = -2*t. What is the remainder when 82 is divided by t?
40
Let g = 47 - 135. Let m = g + 125. What is the remainder when m is divided by 20?
17
Let l(d) = -d**2 - 10*d + 9. Calculate the remainder when l(-8) is divided by 13.
12
Let a(s) = 2*s**2 - s + 1. Let o = 7 - 2. Suppose o*r - 79 = -3*g, g - 3*r = 2*r + 13. Calculate the remainder when a(6) is divided by g.
21
Let z = 35 - 24. Suppose -4*s + z = l - 17, -5*s - 1 = -l. Calculate the remainder when l is divided by 6.
4
Let y(c) = 4*c**3 + 2*c**2 - 2*c - 1. What is the remainder when y(2) is divided by 4/(-10) + (-94)/(-10)?
8
Suppose -3*h + 5 = -25. Suppose 1 = w - h. Calculate the remainder when 31 is divided by w.
9
Suppose 3*p = 8*p. Suppose -f + 5*a + 13 = 0, 4*f + 2*a - 43 + 13 = p. Calculate the remainder when f is divided by (6/(-4) + 0)*-2.
2
Let i = 36 + -16. Calculate the remainder when 99 is divided by i.
19
Suppose -3*f - 3 = 0, 0*u + 2*u - 1 = -3*f. Suppose u*l - 5*l + 66 = 0. What is the remainder when 0 + (0 - (-1 - 42)) is divided by l?
21
Let c = 296 + 31. What is the remainder when c is divided by 47?
45
Let h = -23 - -48. Let r(k) = k**2 - k - 2. Let t be r(0). Calculate the remainder when h is divided by 1/(2/(-9))*t.
7
Suppose 0 = -5*u - 0*u, -3*p + 4*u + 12 = 0. Suppose -i - 36 = -p*i. Suppose -o = o - 14. What is the remainder when i is divided by o?
5
Let t = -14 + 20. Let s = 7 - t. Suppose -3*h = a - 6 + s, -3*h = 0. Calculate the remainder when 17 is divided by a.
2
Let b(s) = -3*s + 1. Let m = -51 - -83. Let j = 56 - m. Calculate the remainder when j is divided by b(-4).
11
Let g(s) = s**2 - 9*s - 4. Let n be g(10). Suppose -2*c - 4*v = -n, -2*c = -0*c - 3*v - 13. Let z(h) = 8*h. Calculate the remainder when z(1) is divided by c.
3
What is the remainder when (-2)/(-3) + 106/3 + -3 is divided by 12?
9
Suppose -4*q = -107 - 57. Let a = -33 - -44. Calculate the remainder when q is divided by a.
8
Let d = 1 + 4. Let y = d + -8. Calculate the remainder when 17 is divided by -1 - (-30)/(-9)*y.
8
Suppose -3*b = 2*x - 19 + 4, 5*b = -4*x + 27. Calculate the remainder when 39 - 6/(-1*x) is divided by 4/2 + (11 - -1).
13
Let c = -86 - -53. What is the remainder when -6*(2 + c/6) is divided by 8?
5
Suppose 5*b - 2*x = 3*b + 4, -5*x = 4*b - 35. Let i(s) = -s**3 + 6*s**2 - 3*s - 3. Let l = 20 - 7. What is the remainder when l is divided by i(b)?
6
What is the remainder when (-8)/44 - 321/(-11) is divided by 8?
5
Suppose -2*z + 12 = -60. Let i = 87 - z. Calculate the remainder when i is divided by 27.
24
Let h(z) = -z - 2. Suppose 0 = 6*r - 4*r - 52. Calculate the remainder when r is divided by h(-11).
8
Suppose -13*q = -12*q - 3. Suppose -6 - 3 = -q*a. What is the remainder when 15 is divided by a?
0
Let m(l) = 7*l + 7. Calculate the remainder when m(5) is divided by 11.
9
Suppose -2*n - 23 = -101. Suppose -2*j - j + n = 0. Calculate the remainder when j is divided by 4.
1
Suppose 0 = a - 38 + 6. Calculate the remainder when a is divided by 12.
8
Let h be (3 - 1)*2/(-2). Let s(o) = -2*o**3 - o**2 - o - 1. Let a(z) = -z**3 + z**2 - z + 37. Calculate the remainder when a(0) is divided by s(h).
11
Let w(k) = -k**3 + 6*k**2 + 3*k - 9. Suppose -5*m = -28 - 2. What is the remainder when ((-17)/(-3))/(2/6) is divided by w(m)?
8
Suppose -t + 33 = 8. Calculate the remainder when 99 is divided by t.
24
Let p = -4 + 31. Calculate the remainder when p is divided by (-1 + (0 - -2))*14.
13
Suppose 0 = g, -3*g + 56 = 5*p - 9. Suppose -4*r + 6*y = 4*y - 80, 17 = r - 2*y. Let o = r - p. What is the remainder when o is divided by 3?
2
Let g(m) = 4*m**2 + 3*m + 1. What is the remainder when 62/((-1 - 1)/(-1)) is divided by g(-2)?
9
Suppose 5*p + 34 = -0*o + 4*o, 0 = o - 5*p - 16. Let n = 12 - o. Calculate the remainder when 22 is divided by (18/(-5))/(n/(-20)).
10
Let b(y) be the second derivative of -y**3 + y**2/2 + 2*y. Calculate the remainder when 23 is divided by b(-2).
10
Let x(r) = r + 45. What is the remainder when x(-15) is divided by 8?
6
Calculate the remainder when 28 is divided by (-105)/(-14) - (-2)/4.
4
Let y = -46 + 66. Let g(r) = 3*r - 8. What is the remainder when y is divided by g(5)?
6
Let f = -27 - -57. Suppose 0*m + 2*m = f. What is the remainder when m is divided by 8?
7
Suppose 0 = -4*w + 36. Calculate the remainder when 34 is divided by w.
7
What is the remainder when ((-16)/1)/(3/(-6)) is divided by 17?
15
Let z be (0 + 2 + 20)*1. Let m = -3 + 3. Calculate the remainder when 62 is divided by z + m + -1 - 0.
20
Suppose -3*i = -39 + 30. Suppose -5*y + 2*d = 3*d + 5, -2*y + 25 = -5*d. Suppose y = 2*h - 3 - 1. What is the remainder when i is divided by h?
1
Let l(z) = -z**3 + 9*z**2 + 11*z - 3. Let x = 6 + -7. Let b be x - (-12 + -1 + 2). Calculate the remainder when 13 is divided by l(b).
6
Suppose 0*o + 24 = -2*o. Let u(c) = -c - 8. What is the remainder when 10 is divided by u(o)?
2
Let g(k) = k**2 - 4*k + 2. Let s be (-5)/(6/(-4) + 1). Let q = 15 - s. What is the remainder when q is divided by g(4)?
1
Let n be (-56)/(-12) + (-2)/(-6). Suppose 13 = 4*y + n. Suppose -4*q - q = 10, -5*l = -y*q - 29. Calculate the remainder when 9 is divided by l.
4
Let u be (10/(-4) + 0)*-2. Suppose q = u*q - 172. Let d = -1 + 16. Calculate the remainder when q is divided by d.
13
Let h = -9 - -25. Suppose -18 = -2*b - b. Calculate the remainder when h is divided by b.
4
Suppose 2*b + 0*b = 4. Let g = b - 8. Let a(z) = -z**2 - 6*z + 6. Calculate the remainder when 16 is divided by a(g).
4
Let x(q) be the first derivative of q**4/4 + 7*q**3/3 + 5*q**2/2 + 7*q + 2. Let f = 77 + -40. What is the remainder when f is divided by x(-6)?
11
Suppose 5*j = -15, u - 4*j - 35 + 3 = 0. Let c = u - 9. Let q = 3 - -17. What is the remainder when q is divided by c?
9
Let t(f) = f**2 + 8*f + 7. What is the remainder when 11 is divided by t(-8)?
4
Calculate the remainder when (-300)/(-8) + (-1)/2 is divided by 13.
11
Let r = 24 - 14. Suppose -3*j + r = -2. What is the remainder when 13 is divided by j?
1
Let g(y) = -y**2 - 28*y + 12. What is the remainder when g(-28) is divided by 3?
0
Let u(v) = -v. What is the remainder when 177 is divided by u(-20)?
17
Suppose u - 4 = -5*v, v + 0*v + 12 = 3*u. Let o(p) = -p**2 + 12*p - 29. What is the remainder when u is divided by o(8)?
1
Let h(b) = 21*b**2 - b - 1. Let x be h(-3). Let l = 270 - x. Suppose 2*q - 40 - 14 = 0. What is the remainder when l is divided by q?
25
Let z(d) be the first derivative of -d**4/4 + d**3/3 - d**2/2 + 9*d - 1. Let h = -79 + 95. Calculate the remainder when h is divided by z(0).
7
Let f(s) = s*